{"id":941,"date":"2022-09-11T01:03:41","date_gmt":"2022-09-11T01:03:41","guid":{"rendered":"http:\/\/alternactiva.co.mz\/justicaclimatica\/?page_id=941"},"modified":"2022-11-01T05:44:24","modified_gmt":"2022-11-01T05:44:24","slug":"o-projecto","status":"publish","type":"page","link":"https:\/\/alternactiva.co.mz\/justicaclimatica\/o-projecto\/","title":{"rendered":"O Projecto"},"content":{"rendered":"\t\t<div data-elementor-type=\"wp-page\" data-elementor-id=\"941\" class=\"elementor elementor-941\">\n\t\t\t\t\t\t\t\t\t<section class=\"elementor-section elementor-top-section elementor-element elementor-element-3415865 elementor-section-full_width elementor-section-height-min-height elementor-section-height-default elementor-section-items-middle\" data-id=\"3415865\" data-element_type=\"section\" data-settings=\"{&quot;background_background&quot;:&quot;classic&quot;}\">\n\t\t\t\t\t\t<div class=\"elementor-container elementor-column-gap-default\">\n\t\t\t\t\t<div class=\"elementor-column elementor-col-100 elementor-top-column elementor-element elementor-element-0449c91\" data-id=\"0449c91\" data-element_type=\"column\">\n\t\t\t<div class=\"elementor-widget-wrap elementor-element-populated\">\n\t\t\t\t\t\t\t\t<div class=\"elementor-element elementor-element-529648c elementor-widget elementor-widget-heading\" data-id=\"529648c\" data-element_type=\"widget\" data-widget_type=\"heading.default\">\n\t\t\t\t<div class=\"elementor-widget-container\">\n\t\t\t<style>\/*! elementor - v3.7.0 - 08-08-2022 *\/\n.elementor-heading-title{padding:0;margin:0;line-height:1}.elementor-widget-heading .elementor-heading-title[class*=elementor-size-]>a{color:inherit;font-size:inherit;line-height:inherit}.elementor-widget-heading .elementor-heading-title.elementor-size-small{font-size:15px}.elementor-widget-heading .elementor-heading-title.elementor-size-medium{font-size:19px}.elementor-widget-heading .elementor-heading-title.elementor-size-large{font-size:29px}.elementor-widget-heading .elementor-heading-title.elementor-size-xl{font-size:39px}.elementor-widget-heading .elementor-heading-title.elementor-size-xxl{font-size:59px}<\/style><h2 class=\"elementor-heading-title elementor-size-default\">O Projecto<\/h2>\t\t<\/div>\n\t\t\t\t<\/div>\n\t\t\t\t<div class=\"elementor-element elementor-element-ff1db6b elementor-widget elementor-widget-heading\" data-id=\"ff1db6b\" data-element_type=\"widget\" data-widget_type=\"heading.default\">\n\t\t\t\t<div class=\"elementor-widget-container\">\n\t\t\t<h2 class=\"elementor-heading-title elementor-size-default\">A materializa\u00e7\u00e3o<br\/>de injusti\u00e7a clim\u00e1tica<br\/>em Mo\u00e7ambique <\/h2>\t\t<\/div>\n\t\t\t\t<\/div>\n\t\t\t\t\t<\/div>\n\t\t<\/div>\n\t\t\t\t\t\t\t<\/div>\n\t\t<\/section>\n\t\t\t\t<section class=\"elementor-section elementor-top-section elementor-element elementor-element-4e2acf3 elementor-section-boxed elementor-section-height-default elementor-section-height-default\" data-id=\"4e2acf3\" data-element_type=\"section\">\n\t\t\t\t\t\t<div class=\"elementor-container elementor-column-gap-default\">\n\t\t\t\t\t<div class=\"elementor-column elementor-col-100 elementor-top-column elementor-element elementor-element-61a8d15\" data-id=\"61a8d15\" data-element_type=\"column\">\n\t\t\t<div class=\"elementor-widget-wrap elementor-element-populated\">\n\t\t\t\t\t\t\t\t<div class=\"elementor-element elementor-element-b892e72 elementor-drop-cap-yes elementor-drop-cap-view-default elementor-widget elementor-widget-text-editor\" data-id=\"b892e72\" data-element_type=\"widget\" data-settings=\"{&quot;drop_cap&quot;:&quot;yes&quot;}\" data-widget_type=\"text-editor.default\">\n\t\t\t\t<div class=\"elementor-widget-container\">\n\t\t\t<style>\/*! elementor - v3.7.0 - 08-08-2022 *\/\n.elementor-widget-text-editor.elementor-drop-cap-view-stacked .elementor-drop-cap{background-color:#818a91;color:#fff}.elementor-widget-text-editor.elementor-drop-cap-view-framed .elementor-drop-cap{color:#818a91;border:3px solid;background-color:transparent}.elementor-widget-text-editor:not(.elementor-drop-cap-view-default) .elementor-drop-cap{margin-top:8px}.elementor-widget-text-editor:not(.elementor-drop-cap-view-default) .elementor-drop-cap-letter{width:1em;height:1em}.elementor-widget-text-editor .elementor-drop-cap{float:left;text-align:center;line-height:1;font-size:50px}.elementor-widget-text-editor .elementor-drop-cap-letter{display:inline-block}<\/style>\t\t\t\t<p>Na \u00faltima d\u00e9cada, Mo\u00e7ambique foi identificado como um dos pa\u00edses mais vulner\u00e1veis em rela\u00e7\u00e3o \u00e0s altera\u00e7\u00f5es clim\u00e1ticas devido \u00e0 sua posi\u00e7\u00e3o geogr\u00e1fica, aos seus 2.470 km de costa no Oceano \u00cdndico e \u00e0s caracter\u00edsticas socioecon\u00f3micas fracas e fr\u00e1geis e ao desenvolvimento humano. Acontecimentos recentes mostraram como as duras altera\u00e7\u00f5es clim\u00e1ticas intensificam os riscos clim\u00e1ticos. Nos \u00faltimos anos, o pa\u00eds tem passado por graves secas, inunda\u00e7\u00f5es e ciclones em diferentes regi\u00f5es do pa\u00eds (urbanas e rurais), mas particularmente em 2019, duas regi\u00f5es do pa\u00eds foram devastadas por dois riscos clim\u00e1ticos (ciclones tropicais &#8211; Ciclones Idai e Kenneth) seguidos de fortes chuvas no per\u00edodo de apenas dois meses (Mar\u00e7o e Abril) com impactos devastadores.<\/p><p>Mais de mil pessoas morreram, muitas ficaram feridas, muitas fam\u00edlias tiveram de ser reassentadas, perderam-se mais de 700 mil hectares de alimentos e culturas de rendimento e a regi\u00e3o foi afectada por casos de c\u00f3lera e mal\u00e1ria devido \u00e0s condi\u00e7\u00f5es prec\u00e1rias que as v\u00edtimas sofreram em consequ\u00eancia das cheias.<\/p>\t\t\t\t\t\t<\/div>\n\t\t\t\t<\/div>\n\t\t\t\t\t<\/div>\n\t\t<\/div>\n\t\t\t\t\t\t\t<\/div>\n\t\t<\/section>\n\t\t\t\t<section class=\"elementor-section elementor-top-section elementor-element elementor-element-07dae29 elementor-hidden-desktop elementor-hidden-tablet elementor-hidden-mobile elementor-section-boxed elementor-section-height-default elementor-section-height-default\" data-id=\"07dae29\" data-element_type=\"section\" data-settings=\"{&quot;background_background&quot;:&quot;classic&quot;}\">\n\t\t\t\t\t\t<div class=\"elementor-container elementor-column-gap-default\">\n\t\t\t\t\t<div class=\"elementor-column elementor-col-100 elementor-top-column elementor-element elementor-element-0cf20bd\" data-id=\"0cf20bd\" data-element_type=\"column\">\n\t\t\t<div class=\"elementor-widget-wrap\">\n\t\t\t\t\t\t\t\t\t<\/div>\n\t\t<\/div>\n\t\t\t\t\t\t\t<\/div>\n\t\t<\/section>\n\t\t\t\t<section class=\"elementor-section elementor-top-section elementor-element elementor-element-2621a2e elementor-section-boxed elementor-section-height-default elementor-section-height-default\" data-id=\"2621a2e\" data-element_type=\"section\">\n\t\t\t\t\t\t<div class=\"elementor-container elementor-column-gap-default\">\n\t\t\t\t\t<div class=\"elementor-column elementor-col-100 elementor-top-column elementor-element elementor-element-f2ced76\" data-id=\"f2ced76\" data-element_type=\"column\">\n\t\t\t<div class=\"elementor-widget-wrap elementor-element-populated\">\n\t\t\t\t\t\t\t\t<div class=\"elementor-element elementor-element-3f33cbd elementor-widget elementor-widget-text-editor\" data-id=\"3f33cbd\" data-element_type=\"widget\" data-widget_type=\"text-editor.default\">\n\t\t\t\t<div class=\"elementor-widget-container\">\n\t\t\t\t\t\t\t<p>Por outro lado, Mo\u00e7ambique \u00e9 muito rico em biodiversidade e visto como uma solu\u00e7\u00e3o para a crise clim\u00e1tica. Cerca de 25% do territ\u00f3rio nacional tem potencial de conserva\u00e7\u00e3o (ANAC, 2015). A combina\u00e7\u00e3o crucial da &#8220;necessidade de adapta\u00e7\u00e3o&#8221; e do potencial de biodiversidade, faz de Mo\u00e7ambique um grande receptor de fundos clim\u00e1ticos e um destino estrat\u00e9gico de projectos de adapta\u00e7\u00e3o e mitiga\u00e7\u00e3o das altera\u00e7\u00f5es clim\u00e1ticas. Consequentemente, o pa\u00eds tem vindo a acolher pol\u00edticas de mitiga\u00e7\u00e3o e adapta\u00e7\u00e3o \u00e0s altera\u00e7\u00f5es clim\u00e1ticas, tais como a implementa\u00e7\u00e3o de uma Estrat\u00e9gia Nacional de Biocombust\u00edveis para a produ\u00e7\u00e3o de biocombust\u00edveis, a Redu\u00e7\u00e3o de Emiss\u00f5es por Desfloresta\u00e7\u00e3o e Degrada\u00e7\u00e3o Florestal (REDD+) e a Agricultura Inteligente Clim\u00e1tica (CSA) promovida e financiada pelo Banco Mundial e outras institui\u00e7\u00f5es internacionais e ag\u00eancias de desenvolvimento.\u00a0<br \/><span style=\"color: var( --e-global-color-secondary );\">Estudos demonstraram que este conjunto de esquemas para enfrentar as altera\u00e7\u00f5es clim\u00e1ticas e a actual crise ambiental est\u00e3o a afectar negativamente a popula\u00e7\u00e3o rural e os seus meios de subsist\u00eancia. Em Mo\u00e7ambique, as m\u00faltiplas pol\u00edticas de mitiga\u00e7\u00e3o e adapta\u00e7\u00e3o \u00e0s altera\u00e7\u00f5es clim\u00e1ticas vistas como uma solu\u00e7\u00e3o para a crise clim\u00e1tica global, n\u00e3o s\u00e3o t\u00e3o eficazes como afirmavam ser e s\u00e3o, na realidade, os motores da capta\u00e7\u00e3o de recursos para a popula\u00e7\u00e3o rural (incluindo a terra) e da intensifica\u00e7\u00e3o da pobreza e das desigualdades.<\/span><\/p>\t\t\t\t\t\t<\/div>\n\t\t\t\t<\/div>\n\t\t\t\t\t<\/div>\n\t\t<\/div>\n\t\t\t\t\t\t\t<\/div>\n\t\t<\/section>\n\t\t\t\t<section class=\"elementor-section elementor-top-section elementor-element elementor-element-8372606 elementor-hidden-desktop elementor-hidden-tablet elementor-hidden-mobile elementor-section-boxed elementor-section-height-default elementor-section-height-default\" data-id=\"8372606\" data-element_type=\"section\" data-settings=\"{&quot;background_background&quot;:&quot;classic&quot;}\">\n\t\t\t\t\t\t<div class=\"elementor-container elementor-column-gap-default\">\n\t\t\t\t\t<div class=\"elementor-column elementor-col-100 elementor-top-column elementor-element elementor-element-8fff452\" data-id=\"8fff452\" data-element_type=\"column\">\n\t\t\t<div class=\"elementor-widget-wrap\">\n\t\t\t\t\t\t\t\t\t<\/div>\n\t\t<\/div>\n\t\t\t\t\t\t\t<\/div>\n\t\t<\/section>\n\t\t\t\t<section class=\"elementor-section elementor-top-section elementor-element elementor-element-4ef952d elementor-section-boxed elementor-section-height-default elementor-section-height-default\" data-id=\"4ef952d\" data-element_type=\"section\">\n\t\t\t\t\t\t<div class=\"elementor-container elementor-column-gap-default\">\n\t\t\t\t\t<div class=\"elementor-column elementor-col-100 elementor-top-column elementor-element elementor-element-9e58a19\" data-id=\"9e58a19\" data-element_type=\"column\">\n\t\t\t<div class=\"elementor-widget-wrap elementor-element-populated\">\n\t\t\t\t\t\t\t\t<div class=\"elementor-element elementor-element-c2bc2c2 elementor-widget elementor-widget-text-editor\" data-id=\"c2bc2c2\" data-element_type=\"widget\" data-widget_type=\"text-editor.default\">\n\t\t\t\t<div class=\"elementor-widget-container\">\n\t\t\t\t\t\t\t<p>\u00c9 neste sentido, que este projecto visa desenvolver ainda mais uma investiga\u00e7\u00e3o acad\u00e9mico-activista:<br><strong style=\"color: var( --e-global-color-secondary );\">1)<\/strong><span style=\"color: var( --e-global-color-secondary );\"> compreender a din\u00e2mica do extrativismo verde e dos recursos em Mo\u00e7ambique;<br><\/span><strong style=\"color: var( --e-global-color-secondary );\">2)<\/strong><span style=\"color: var( --e-global-color-secondary );\"> explorar estrat\u00e9gias baseadas na comunidade e a sua ag\u00eancia activa para desafiar a apropria\u00e7\u00e3o de recursos e a injusti\u00e7a clim\u00e1tica em dois locais no centro de Mo\u00e7ambique (Nhambita, Gorongoza; e Mabu, Lugela).&nbsp;<\/span><\/p>\n<p><\/p>\n<p>Subsequentemente, o projecto ir\u00e1: <br><b>1)<\/b> produzir v\u00e1rios materiais de educa\u00e7\u00e3o popular, <br><b>2)<\/b> realizar semin\u00e1rios de justi\u00e7a clim\u00e1tica a n\u00edvel comunit\u00e1rio e nacional, e <br><strong>3)<\/strong> disseminar conte\u00fados de justi\u00e7a clim\u00e1tica atrav\u00e9s dos meios de comunica\u00e7\u00e3o de massas e briefs pol\u00edticos.<\/p>\n<p>A nossa investiga\u00e7\u00e3o em Nhambita analisar\u00e1 as contradi\u00e7\u00f5es do projecto REDD+ e trar\u00e1 vozes de pequenos agricultores locais e autoridades locais para avaliar as formas como o projecto teve impacto nos meios de subsist\u00eancia. O nosso objectivo \u00e9 reflectir sobre o qu\u00e3o justo \u00e9 para estas comunidades &#8220;acolher&#8221; projectos que visam a solu\u00e7\u00e3o de uma crise que foi causa noutro lugar do globo? Quem est\u00e1 efectivamente a ganhar com a implementa\u00e7\u00e3o de tais projectos? Qu\u00e3o justo \u00e9 que as comunidades de pequena escala e camponesas n\u00e3o sejam as que &#8220;lucram&#8221;\/&#8221;ganham&#8221; mais com a implementa\u00e7\u00e3o dessas pol\u00edticas de adapta\u00e7\u00e3o e mitiga\u00e7\u00e3o? Mesmo para aqueles que podem obter alguns &#8220;benef\u00edcios&#8221;, ser\u00e1 que \u00e9 efectivamente o risco e o custo da sua subsist\u00eancia e bem-estar?<\/p>\n<p>Enquanto, em Mabu a nossa investiga\u00e7\u00e3o ir\u00e1 destacar a agroecologia e a soberania alimentar que est\u00e1 a ser constru\u00edda por pequenos agricultores locais e agricultores familiares, a fim de visibilizar uma ag\u00eancia activa da popula\u00e7\u00e3o local na constru\u00e7\u00e3o dos seus sistemas alimentares localizados, como forma de derrotar a injusti\u00e7a clim\u00e1tica. O nosso objectivo \u00e9 compreender melhor como pode este conjunto de iniciativas emancipat\u00f3rias da base para o topo contribuir para a justi\u00e7a clim\u00e1tica? O que podem outras comunidades (tais como Nyambita) aprender de Mabu para a justi\u00e7a clim\u00e1tica?<\/p>\t\t\t\t\t\t<\/div>\n\t\t\t\t<\/div>\n\t\t\t\t\t<\/div>\n\t\t<\/div>\n\t\t\t\t\t\t\t<\/div>\n\t\t<\/section>\n\t\t\t\t\t\t\t<\/div>\n\t\t","protected":false},"excerpt":{"rendered":"<p>O Projecto A materializa\u00e7\u00e3ode injusti\u00e7a clim\u00e1ticaem Mo\u00e7ambique Na \u00faltima d\u00e9cada, Mo\u00e7ambique foi identificado como um dos pa\u00edses mais vulner\u00e1veis em rela\u00e7\u00e3o \u00e0s altera\u00e7\u00f5es clim\u00e1ticas devido \u00e0 sua posi\u00e7\u00e3o geogr\u00e1fica, aos seus 2.470 km de costa no Oceano \u00cdndico e \u00e0s caracter\u00edsticas socioecon\u00f3micas fracas e fr\u00e1geis e ao desenvolvimento humano. Acontecimentos recentes mostraram como as duras [&hellip;]<\/p>\n","protected":false},"author":1,"featured_media":0,"parent":0,"menu_order":0,"comment_status":"closed","ping_status":"closed","template":"","meta":{"footnotes":""},"class_list":["post-941","page","type-page","status-publish","hentry"],"_links":{"self":[{"href":"https:\/\/alternactiva.co.mz\/justicaclimatica\/wp-json\/wp\/v2\/pages\/941","targetHints":{"allow":["GET"]}}],"collection":[{"href":"https:\/\/alternactiva.co.mz\/justicaclimatica\/wp-json\/wp\/v2\/pages"}],"about":[{"href":"https:\/\/alternactiva.co.mz\/justicaclimatica\/wp-json\/wp\/v2\/types\/page"}],"author":[{"embeddable":true,"href":"https:\/\/alternactiva.co.mz\/justicaclimatica\/wp-json\/wp\/v2\/users\/1"}],"replies":[{"embeddable":true,"href":"https:\/\/alternactiva.co.mz\/justicaclimatica\/wp-json\/wp\/v2\/comments?post=941"}],"version-history":[{"count":52,"href":"https:\/\/alternactiva.co.mz\/justicaclimatica\/wp-json\/wp\/v2\/pages\/941\/revisions"}],"predecessor-version":[{"id":1091,"href":"https:\/\/alternactiva.co.mz\/justicaclimatica\/wp-json\/wp\/v2\/pages\/941\/revisions\/1091"}],"wp:attachment":[{"href":"https:\/\/alternactiva.co.mz\/justicaclimatica\/wp-json\/wp\/v2\/media?parent=941"}],"curies":[{"name":"wp","href":"https:\/\/api.w.org\/{rel}","templated":true}]}}